t p(s) = -s**2 - 5*s + 2. Let k be p(-5). What is the units digit of (-16)/12*(-3)/k?
2
Suppose 10 = 5*s + 5. What is the units digit of s?
1
Suppose -1458 = -11*m + 5*m. What is the hundreds digit of m?
2
Let j = 144 - 102. What is the units digit of j?
2
Let p = -8 + 10. Suppose c + p - 11 = 0. What is the units digit of c?
9
Let s = 4 + -26. Let x = s - -38. What is the units digit of x?
6
Let o(m) = -9*m - 60. What is the units digit of o(-23)?
7
Let c(z) = 14*z**2 + 7*z + 7. Let v(i) = -5*i**2 - 2*i - 2. Let j(b) = 4*c(b) + 11*v(b). Let n be j(-4). What is the units digit of (n - -1) + (-2 - -7)?
4
Let i be (-1)/(1*1/36). What is the tens digit of 3/(-2) + (-990)/i?
2
Suppose -5*m - 62 = -5*v + 28, -2*v + 36 = -5*m. Suppose d - 3*d = -v. What is the units digit of d?
9
Let i(r) = 12*r**2 - 3*r - 1. What is the units digit of i(-2)?
3
Let t(a) = -38*a. Let o be t(1). Let h = 60 + o. Suppose -2*g = -0*g - h. What is the units digit of g?
1
Suppose 5*o = -m + 180 + 75, o - 3*m - 35 = 0. What is the units digit of o?
0
Suppose -3 = -i - 1. Suppose 4 - i = g. What is the units digit of g?
2
Suppose 0 = -t - 2*t + 21. Let k = t + -7. Let o = k - -4. What is the units digit of o?
4
Let t be (-7)/(-2) - (-36)/24. Suppose t*m - 15 = 10. What is the units digit of m?
5
Suppose 14*z - 432 = 8*z. What is the tens digit of z?
7
Suppose 0 - 3 = -d. Suppose d*j = j. What is the units digit of 4 - (-1 + j + 3)?
2
Let o(c) = -c**2 + 7*c + 8. Let g be o(8). Suppose g = 2*s - 4, w + 9 = 2*w - 2*s. What is the tens digit of w?
1
What is the units digit of 247/5 + 8/(-20)?
9
Suppose -3*s = -3*b + 201, 3*s = -0*b - b + 47. What is the tens digit of b?
6
Let i(g) = 73*g - 19. What is the tens digit of i(5)?
4
What is the tens digit of (-47)/((-1)/(2 + -1))?
4
Suppose 2*a - 160 = -2*c + 64, -5*a = -2*c + 203. What is the tens digit of c?
0
Let k(p) = -26*p - 58. What is the tens digit of k(-18)?
1
Let u be 1*(3 - 1) - -2. Suppose -u*t - 4 = -0*t. What is the units digit of (2 - (4 + t)) + 2?
1
Let m = 4 - -1. What is the units digit of (-1)/5 - (-46)/m?
9
Let r(k) = -k**3 - 14*k**2 - k - 9. Let l be r(-14). Suppose -5*c = -z - 0*z - 10, 0 = l*c - 2*z - 15. What is the units digit of c?
1
Let m = 207 - 139. What is the units digit of m?
8
Suppose -5*g = 0, 0 = j + 4*g + 1. Let r = -5 - j. Let m(q) = q**3 + 3*q**2 - 7*q - 5. What is the units digit of m(r)?
7
Let q = 65 - 37. What is the units digit of q?
8
Let g(m) = -m**3 + 7*m**2 + 5*m + 5. Let p be g(7). Suppose -r = 3*r - p. What is the tens digit of (-6)/r - 412/(-20)?
2
Suppose -3*s + 642 = 5*g, 398 = g + 2*g + 5*s. What is the units digit of g?
6
Let k(i) = i**2 - 6*i + 3. Let z be k(6). Suppose -4*l + l = -18. Suppose l*x = z*x + 33. What is the tens digit of x?
1
Let r(j) = j**3 - 4*j**2 - 3*j - 3. What is the tens digit of r(6)?
5
Let b be (4/6)/((-8)/(-108)). Let w be -72*((-33)/b + 3). Suppose 0 = 6*j - 2*j - w. What is the units digit of j?
2
Let v(w) = w**2 + 10*w + 2. Let s be v(-10). Suppose 0*u - s*u + 14 = -3*l, -4*u + 4*l + 36 = 0. What is the tens digit of u?
1
Let i = 66 + -32. Suppose 2*a = -0*a + i. What is the tens digit of a?
1
Suppose -4*d - 20 = -3*d + 5*n, -4*d - 12 = 3*n. Suppose 4*z + d*z = 84. What is the tens digit of z?
2
Let v be 2/4 - 814/(-4). Suppose -4*j + v = -0*j. What is the tens digit of j?
5
Suppose 4*s - 3*s - 5*w - 31 = 0, 0 = 3*w. What is the units digit of s?
1
Suppose 0*m = -5*m - 20. Let z = -1 - m. What is the units digit of (-13)/(-3) + 2/z?
5
Let v(x) = -14*x + 11. What is the units digit of v(-10)?
1
Suppose -450 = -13*o - 112. What is the tens digit of o?
2
Let m(z) = z**2 - 5*z + 6. Let b be m(4). Suppose 5*o = b*p + p + 34, -3*o = 4*p - 3. What is the units digit of o?
5
Let r be ((-6)/(-4))/((-1)/(-12)). Suppose 0 = -2*o - o + r. What is the units digit of o?
6
What is the tens digit of 6/8 - 1945/(-20)?
9
Let n(t) = t**2 - 2*t - 5. What is the units digit of n(4)?
3
Let j be 4/18 - (-32)/18. Suppose j*r = 5*r - 2*v - 15, -4*r + 3*v = -21. Suppose -r*n - 2*a + 46 = 0, -99 = -3*n + 3*a - 33. What is the tens digit of n?
1
Let x(s) = s + 2. Let w be x(-2). Suppose w*p - 2*p = -6. What is the units digit of p?
3
Let b = -28 - -40. Suppose -q = -4*q + b. What is the units digit of q?
4
Let m be 1 - (-2 + 5) - -12. Suppose -4*j + 2 = -m. Suppose 6*v - 6 = j*v. What is the units digit of v?
2
Let o(i) = i**3 + 2*i**2 + 2*i + 1. Let j be o(-2). Let v be (9/j)/((-2)/8). Suppose 10 = 2*z - v. What is the tens digit of z?
1
Suppose -7*x = -3*x - 24. Suppose -45 = x*i - 7*i. What is the tens digit of i?
4
What is the tens digit of (-1 + 3)*1 + 49?
5
Let x = -251 + 454. What is the hundreds digit of x?
2
Let f = 9 - -75. What is the tens digit of f?
8
Suppose 3*o + 3*a = 111, -2*o + 64 = -6*a + 3*a. What is the tens digit of o?
3
Let a be 39/6 - (-2)/4. Let w = a - -12. What is the units digit of w?
9
Suppose 204 = -0*g + 3*g. What is the units digit of g?
8
Let w be (1*-6)/((-2)/37). Suppose 0 = 3*v - w + 15. Suppose -v = -3*h + 4. What is the tens digit of h?
1
Let v be (-3 + 0)*(-7 - -2). Suppose v - 3 = n. What is the units digit of n?
2
What is the tens digit of (51/(-34))/((-3)/34)?
1
Suppose 0 = 2*k - 4*k - 98. Let d = k + 69. What is the tens digit of d?
2
Suppose 0 = 2*o - 9 - 9. Let l = o - 8. Let z(v) = 18*v**3 - v**2 + 2*v - 1. What is the tens digit of z(l)?
1
Let p(m) = 14*m**3 + 2*m**2 + 3*m - 14. Let a(d) = -9*d**3 - d**2 - 2*d + 9. Let n(j) = -8*a(j) - 5*p(j). What is the units digit of n(2)?
8
Suppose -51 = -3*i - 3. Suppose -6*p + 3*p = 2*q - i, 5*q - 4*p + 6 = 0. What is the units digit of 0 + (3 + 0)*q?
6
Let a = -12 + 17. Suppose a*f = -2*u - 11, 3*u + 2*u - 5*f = 60. What is the units digit of u?
7
Suppose 2 = -4*y + 14. Suppose 0*h - 63 = -y*h. What is the tens digit of h?
2
What is the tens digit of (45 - (3 + 1))*1?
4
Suppose -31 = -8*s + 25. What is the units digit of s?
7
Let y(q) = 2*q**2 - 3*q + 2. Let t be y(2). Suppose 4*g = n + 16, 3*g - t*n = -2*g + 20. What is the units digit of g?
4
Let w(n) = n**3 - 8*n**2 + 3*n + 4. Let f be w(8). What is the units digit of 21*f/48*4?
9
Let v(r) = -r + 1. Let x be v(1). Suppose 0*h - 5*s = 2*h + 8, 4*h + 2*s = x. What is the units digit of (-4 + h)*34/(-6)?
7
Let a(i) = 4 - 1 + 1 - 4*i + i**2. Let o = -6 - -9. What is the units digit of a(o)?
1
What is the units digit of -32*(5/(-2))/5?
6
Suppose -i + 3*i + x - 317 = 0, 0 = 3*i - 2*x - 465. What is the units digit of i?
7
Let i(d) = -d + 6. What is the tens digit of i(-19)?
2
Let d = -114 - -187. What is the units digit of d?
3
Let g = -58 + 122. What is the tens digit of g?
6
What is the tens digit of -4 - (-70 - 6/(-3))?
6
What is the units digit of (-10)/6*(-18)/5?
6
Let k be 1/(-5) - (-1314)/45. Let g = k + -1. What is the units digit of g?
8
Let q be 2/6 + (-12)/(-18). What is the units digit of 12/q - (5 - 3)?
0
Let w be 4/3 + (-8)/(-12). Suppose -4*d - w = 2. What is the units digit of ((-10)/(-3))/(d/(-3))?
0
Let t be (0 - -2) + -3 + 10. Let d = -13 + 8. Let u = t + d. What is the units digit of u?
4
Let q(y) = -y**3 + 4*y**2 + 4*y + 2. Let m be q(5). Let v(w) = w**3 + 4*w**2 + 3*w - 4. Let x be v(m). What is the units digit of 2/(-2) - x/2?
1
What is the hundreds digit of (1 - 0)*(227 - -3)?
2
Suppose -b + 124 = 3*b. Suppose 4*f - 4*j = -0*j + 24, 4*j + b = 5*f. What is the units digit of f?
7
Suppose 0 = 2*r - 24 - 20. Suppose 0*l - r = -l. What is the tens digit of ((-165)/l)/(1/(-2))?
1
Let l be ((-66)/18)/((-2)/12). What is the tens digit of (-6)/33 + 1104/l?
5
Suppose -9 = 5*k - 144. What is the tens digit of k?
2
Suppose -3*g - g - a = -179, 3*g + 3*a - 123 = 0. What is the units digit of g?
6
Suppose -2*m - 28 = -144. Suppose d - m = -d. What is the units digit of d?
9
What is the units digit of 3 - 7664/(-44) - (-2)/(-11)?
7
What is the tens digit of -1 + (-11)/(11/(-50))?
4
Suppose -3*p + y + 2 = -p, -3*p + y + 5 = 0. Suppose -93 = -0*z - p*z. What is the tens digit of z?
3
Let z(p) = p**3 - 8*p**2 - 5*p - 13. What is the tens digit of z(9)?
2
What is the units digit of -1 + 17 + 8 + -7?
7
What is the units digit of 0/2 + 96 + (6 - 10)?
2
Let m be (-52)/(-12) - 4/(-6). Suppose -3*s - 3*g + 36 = 0, -14 = -2*s + 3*g - m. What i